rue
Is 2037557 composite?
True
Is 19226527 composite?
False
Is 6180649 a prime number?
True
Is 63480191 composite?
False
Is 3217129 prime?
False
Is 286198853 a composite number?
True
Is 10591067 composite?
False
Is 5215537 a composite number?
False
Is 685693 a prime number?
False
Is 59996501 composite?
True
Is 95503 a prime number?
False
Is 380205317 composite?
True
Is 17259989 prime?
False
Is 40739 composite?
False
Is 10529529 a composite number?
True
Is 30779461 prime?
True
Is 25414297 composite?
False
Is 40516339 a composite number?
False
Is 6311897 composite?
True
Is 2729717 a composite number?
False
Is 7886129 a prime number?
True
Is 12291343 prime?
True
Is 255551 composite?
False
Is 5372057 a composite number?
True
Is 1634099 prime?
True
Is 37504391 a composite number?
False
Is 9131209 a composite number?
False
Is 481716809 a prime number?
False
Is 130444267 a composite number?
False
Is 19889 prime?
True
Is 532470151 a composite number?
True
Is 13919329 prime?
True
Is 7447097 a prime number?
False
Is 1678769 prime?
True
Is 30999209 composite?
False
Is 37963973 a composite number?
False
Is 53445166 a composite number?
True
Is 86631397 a prime number?
True
Is 12586861 a composite number?
True
Is 2293367 composite?
False
Is 110170781 composite?
True
Is 98397707 prime?
True
Is 28687 composite?
False
Is 1399129 prime?
True
Is 16080833 a composite number?
False
Is 6106241 a composite number?
False
Is 13909849 prime?
True
Is 2885167 prime?
False
Is 10577821 a prime number?
False
Is 20182739 a prime number?
True
Is 2448803 prime?
False
Is 1103129 a composite number?
False
Is 14195713 a prime number?
False
Is 43624957 a prime number?
False
Is 833615027 composite?
True
Is 61265383 composite?
False
Is 1466723 a prime number?
False
Is 1769657 a prime number?
False
Is 2477463 a composite number?
True
Is 309769 a prime number?
True
Is 3129209 a composite number?
False
Is 2609587 composite?
False
Is 42403333 a composite number?
True
Is 798607 a prime number?
False
Is 5470071 composite?
True
Is 10286791 prime?
True
Is 16530881 prime?
False
Is 141988771 prime?
True
Is 860971 prime?
True
Is 927229 a prime number?
True
Is 46647589 composite?
False
Is 55741 a prime number?
False
Is 441945679 a prime number?
False
Is 718691 prime?
True
Is 1028663 composite?
False
Is 3245609 prime?
False
Is 86645983 prime?
True
Is 81625067 a prime number?
True
Is 125825047 a prime number?
False
Is 5516237 a composite number?
False
Is 17921477 prime?
False
Is 7336861 a prime number?
False
Is 4920995 a composite number?
True
Is 12911783 a composite number?
True
Is 339584747 a prime number?
False
Is 28610503 composite?
False
Is 37135559 a composite number?
False
Is 246135299 a composite number?
True
Is 90783661 a composite number?
False
Is 8325853 composite?
False
Is 2495387 a composite number?
False
Is 31697749 a prime number?
False
Is 713477405 composite?
True
Is 20873 a composite number?
False
Is 85102357 a composite number?
True
Is 2111933 composite?
False
Is 635108689 prime?
True
Is 12337621 a prime number?
True
Is 116372591 prime?
True
Is 950393 a prime number?
True
Is 243694978 prime?
False
Is 10312177 composite?
False
Is 21110561 composite?
True
Is 108455993 composite?
False
Is 241582421 prime?
True
Is 11776727 a prime number?
False
Is 655294433 prime?
True
Is 3417641 composite?
True
Is 18575707 prime?
True
Is 16575487 composite?
True
Is 366467369 prime?
True
Is 6601058 a prime number?
False
Is 7251161 composite?
True
Is 26281181 a composite number?
True
Is 254102467 a composite number?
False
Is 4733063 a composite number?
False
Is 73517 a composite number?
False
Is 423442871 a prime number?
True
Is 8370709 a prime number?
False
Is 192843097 composite?
True
Is 18481423 composite?
True
Is 121831483 prime?
False
Is 76299089 composite?
True
Is 94246759 a composite number?
True
Is 1771753 a composite number?
True
Is 3736607 a prime number?
False
Is 41843623 composite?
True
Is 10663519 prime?
False
Is 7287889 a composite number?
True
Is 2064211 composite?
True
Is 646609 a composite number?
False
Is 3427187 composite?
False
Is 2023355 a composite number?
True
Is 838766 a composite number?
True
Is 8946022 a composite number?
True
Is 25995617 a composite number?
False
Is 56086661 a prime number?
False
Is 2963909 composite?
True
Is 844687 composite?
True
Is 69163069 prime?
False
Is 259643 a prime number?
True
Is 39968809 composite?
True
Is 2204429 a composite number?
True
Is 22155863 a prime number?
True
Is 757109 a composite number?
False
Is 136301221 a prime number?
False
Is 567503 composite?
True
Is 32769809 composite?
False
Is 56993033 prime?
False
Is 61126181 composite?
True
Is 158149669 a prime number?
False
Is 125397299 composite?
False
Is 3419323 a composite number?
True
Is 159102379 prime?
False
Is 162542141 composite?
False
Is 3428563 composite?
False
Is 6590159 a composite number?
False
Is 11076019 a prime number?
False
Is 87320221 composite?
False
Is 8402129 a prime number?
False
Is 11963561 a prime number?
True
Is 24409439 a prime number?
True
Is 1375531 a prime number?
True
Is 47475119 a prime number?
True
Is 209146771 a prime number?
True
Is 12714447 a composite number?
True
Is 292061463 a prime number?
False
Is 201809 prime?
True
Is 106816823 a composite number?
False
Is 2903279 a composite number?
True
Is 167291567 prime?
False
Is 7237673 a prime number?
True
Is 266245769 a prime number?
False
Is 322497047 a prime number?
True
Is 174697 prime?
False
Is 2015459 prime?
False
Is 6625757 a prime number?
False
Is 1329941 a prime number?
True
Is 3900863 composite?
True
Is 349957 composite?
True
Is 49386247 prime?
False
Is 3642811 prime?
False
Is 199776869 composite?
False
Is 6357581 a composite number?
True
Is 6971851 prime?
False
Is 431911 a prime number?
True
Is 789187 prime?
False
Is 23970293 prime?
True
Is 68348261 a composite number?
False
Is 104823529 a composite number?
False
Is 4235503 a prime number?
True
Is 28458973 a composite number?
False
Is 2692843 prime?
True
Is 323219267 prime?
False
Is 69435439 prime?
True
Is 16226153 prime?
True
Is 86418613 a composite number?
True
Is 3676373 composite?
False
Is 3245243 prime?
False
Is 22553621 a prime number?
True
Is 4096109 composite?
False
Is 8728177 prime?
False
Is 8680423 prime?
False
Is 4684651 composite?
True
Is 288411 a prime number?
False
Is 42523417 composite?
False
Is 40808329 a prime number?
False
Is 81225329 composite?
False
Is 2392457 composite?
True
Is 214359479 composite?
True
Is 9345959 composite?
True
Is 2545429 composite?
False
Is 5041601 prime?
True
Is 599768201 prime?
True
Is 3347749 a composite number?
False
Is 92487 a composite number?
True
Is 2967143 a prime number?
False
Is 8262809 a composite number?
False
Is 7141829 a composite number?
False
Is 530537809 prime?
True
Is 3866281 composite?
False
Is 193853743 a prime number?
True
Is 846733141 a prime number?
False
Is 34941863 prime?
False
Is 2135479 a prime number?
True
Is 3400517 prime?
True
Is 7949719 a composite number?
True
Is 481198 composite?
True
Is 183437 prime?
True
Is 4939523 a composite number?
False
Is 31143863 composite?
True
Is 3633797 a prime number?
True
Is 209327981 prime?
False
Is 26444623 prime?
True
Is 6882835 prime?
False
Is 5965771 composite?
True
Is 159495277 composite?
False
Is 213011 a composite number?
True
Is 6953851 prime?
True
Is 126172855 a prime number?
False
Is 6785743 composite?
True
Is 729329257 prime?
False
Is 103014127 composite?
False
Is 200063 composite?
False
Is 2997431 prime?
False
Is 60577417 composite?
False
Is 4673729 prime?
False
Is 95749739 composite?
False
Is 251482303 a composite number?
True
Is 16085221 prime?
True
Is 8372213 a composite number?
True
Is 39120529 a prime number?
False
Is 20140151 a prime number?
True
Is 252350591 prime?
False
Is 789473 a composite number?
False
Is 1652381 composite?
True
Is 138053 a prime number?
True
Is 118129 prime?
False
Is 39822649 a prime number?
True
Is 6504103 a composite number?
False
Is 71999621 composite?
True
Is 181800977 a composite number?
True
Is 299388091 prime?
False
Is 27483385 prime?
False
Is 16265419 composite?
False
Is 1780147 a composite number?
False
Is 30249277 a composite number?
True
Is 2373082 composite?
True
Is 189546811 composite?
F